+ l = 2*v - 2*k, -767 = -5*v + k. What is the greatest common divisor of v and 14?
14
Let s(r) = -r + 9. Let k be s(-3). What is the greatest common divisor of 32 and k?
4
Let i(k) = -5*k - 3. Let c(g) = 11*g + 5. Let x(n) = -4*c(n) - 9*i(n). Let a be x(-6). What is the greatest common divisor of 7 and a?
1
Suppose -5*t = -4*j + 28, 0*j + 12 = -2*j - 4*t. Let b be -1 + j/2 + 39. Suppose 0*c + 2*c - 51 = -q, -2*q = 2. What is the highest common factor of b and c?
13
Let y be 1 - (-1 - -6) - 2. Let d be 2/y*(-7 - -1). Suppose 4*o = 3*w - 11, 5*w + d*o - 6*o - 29 = 0. What is the highest common factor of 6 and w?
3
Suppose 23 = -2*g + 55. Suppose 2 + g = r. Suppose -36 = -0*m - 4*m. Calculate the highest common divisor of m and r.
9
Let h be 5 + 3/(3 + 0). Let o(a) = a - 3. Let f be o(h). Let d be f*-1*(-1 + -10). What is the highest common divisor of d and 3?
3
Let x(k) = 3*k**2 - 2*k - 2. Let n be x(-2). Let g be -1 - -4 - (-8)/16*106. Calculate the highest common divisor of g and n.
14
Let j be 5/(2/(2 + 8)). Let d be 5/((-6)/8*(-28)/21). Calculate the greatest common factor of d and j.
5
Let l be 498/5 - 2/(-5). Suppose -4*w - 233 = -1. Let z = w + l. What is the greatest common factor of z and 6?
6
Suppose -4*k = -98 - 462. Let r = 64 - 44. Calculate the highest common factor of r and k.
20
Let r(t) be the second derivative of 1/20*t**5 + 0 - 1/2*t**3 - 1/3*t**4 + 2*t - 3*t**2. Let j be r(5). What is the greatest common divisor of j and 8?
4
Let j be (0/(-1))/(4 - 2). Let y = j + 16. Let q be ((-12)/(-5))/(15/100). What is the greatest common divisor of y and q?
16
Suppose 0*i + 6 = 2*i. Suppose 3*t = 2*f - 145, 5*f - 4*t + i*t = 330. Calculate the greatest common factor of 13 and f.
13
Suppose 3*u - 48 - 24 = 0. What is the highest common divisor of 96 and u?
24
Let z(i) = 8*i**3 - i**2 + i - 1. Let l be z(1). Suppose l*u = 2*u. Let c be (-1 - (1 - u)) + 4. Calculate the highest common factor of 6 and c.
2
Let l = -48 + 26. Let a = l + 67. What is the greatest common divisor of a and 9?
9
Let k(m) = -m**3 + 14*m**2 - 13*m + 15. Let x be k(13). Calculate the greatest common divisor of 120 and x.
15
Let h be (4 - 1) + 2 + -1. Suppose w + 147 = h*t, -4*t + 88 = 4*w - 44. Calculate the greatest common divisor of 12 and t.
12
Suppose -3*w + 5*w = -3*o + 3, -7 = -4*w - 5*o. Let q be 3 + 0/w + 3. Calculate the greatest common factor of q and 3.
3
Let o(n) = -n**3 + 10*n**2 - n + 6. Let d be o(10). Let i be (6 + d)*-1 + 3. What is the highest common divisor of i and 7?
1
Suppose 4*z = -3*x - 5 + 2, 0 = z + 4*x + 17. Suppose -2*q = z*q - 75. What is the greatest common factor of 3 and q?
3
Suppose 0 = 5*h + p - 438, -3*h = -2*p - 295 + 27. What is the highest common factor of h and 22?
22
Let r be (-12)/18*(1 + -4). Suppose -39 = -3*s + r*w, -s + w + 3*w = -3. Calculate the greatest common divisor of 5 and s.
5
Let f be 2*621/6 + 2. Let w = -67 + 113. Suppose -2*l - 14 = 3*x - w, -5*l + 89 = 3*x. What is the greatest common factor of f and l?
19
Let l(s) = s + 13. Let x be l(7). Let r(c) = -c**3 - 7*c**2 - 3*c + 5. Let o be r(-6). Let i = o + x. Calculate the greatest common factor of 77 and i.
7
Suppose -3*y = -2*y - 22. Let q be (-17 - -2)/(6/(-88)). What is the highest common factor of q and y?
22
Suppose 4*t + 12 = 4*h, 5*h + 0*t = 4*t + 12. Suppose 5*u + h*u = 10. Suppose 4 = c + c. What is the highest common divisor of c and u?
2
Let i(u) = u - 2. Let d be i(2). Let l = d - -6. Calculate the highest common factor of l and 18.
6
Let b(d) = -d**3 - 3*d**2 - 5*d + 4. Let s be b(-4). What is the highest common divisor of 10 and s?
10
Suppose 5*z - 48 = 402. Suppose -i - z = -4*i. What is the greatest common factor of 6 and i?
6
Suppose -5*o - q = -123, -o - 2*q = -0*o - 30. What is the greatest common factor of 16 and o?
8
Let h be ((-2)/5)/((-3)/15). Suppose -2 = h*k - 6. What is the greatest common factor of 16 and k?
2
Suppose 5*v - 38 = -k, 5*k + 2*v = -0*k + 167. What is the highest common divisor of k and 66?
33
Let k(s) = s**2 - 14*s + 12. Let l be k(16). Let r = 8 - 4. What is the greatest common factor of l and r?
4
Let i = 82 - -14. Calculate the highest common factor of i and 32.
32
Suppose 7*u - 3*u + 22 = -5*i, -4*i = 5*u + 14. Let o be ((-6)/(-5))/(i/(-100)). Let h = 2 + 0. What is the greatest common divisor of o and h?
2
Let j(w) = w + 1. Let u be j(1). Let o(y) = y + 2. Let p be o(-8). Let i = p + 11. Calculate the highest common divisor of i and u.
1
Let y(l) = -3*l - 3. Let x be y(-9). What is the highest common divisor of x and 8?
8
Let w be 7*(12/7 - 0). Let p = 12 + -7. Suppose 0 = -p*f - 13 + 73. Calculate the highest common divisor of f and w.
12
Let o be ((-2)/(-4))/((-12)/(-720)). What is the highest common factor of o and 15?
15
Suppose -5*c + 18 = -17. What is the highest common divisor of 7 and c?
7
Suppose -3 = -3*o - 5*m + 7, -4*o = -3*m - 52. What is the greatest common factor of o and 40?
10
Let m be (16 + 0)/(-17 + 18). Let v = -2 - -5. Suppose s + c - 11 = 0, -5*c + 27 = v*s - 4*c. What is the greatest common divisor of s and m?
8
Let u(i) be the first derivative of -23*i**2/2 - 2*i + 1. Let c be u(-2). What is the highest common divisor of 4 and c?
4
Suppose 2*p - 2 = 0, 3*b = 5*b + 2*p - 18. Calculate the greatest common factor of b and 4.
4
Let u = 3 - 4. Let d be u*(-10 - (3 + -5)). What is the highest common factor of d and 12?
4
Let l(p) = -p**2 - 4*p - 4. Let r be l(-3). Let x = r + 11. Let v = 34 - x. What is the highest common divisor of v and 36?
12
Suppose 4*d = 5 - 17, 0 = -m + 3*d + 24. What is the greatest common divisor of 25 and m?
5
Suppose -2*v = -4*k - 1148, -6*k + 2*k = 5*v + 1148. Let g = -199 - k. What is the highest common divisor of 11 and g?
11
Let l be (-4)/5 + 474*48/90. Calculate the highest common divisor of 28 and l.
28
Let j(r) = r**3 - 4*r**2 - 4*r - 3. Let n be j(5). Suppose -n*m = -3*m + 4. Calculate the greatest common divisor of m and 4.
4
Suppose 20 = 5*s + 5*g, 0*s = -4*s - g + 31. Let w = s - 3. Calculate the greatest common factor of w and 2.
2
Let c = -4 + 1. Let x be c + 4/4*11. What is the highest common divisor of 8 and x?
8
Let n be 2/1*19/2. Suppose 4 - n = -r. Suppose -g - r = -2*g. Calculate the highest common divisor of 5 and g.
5
Suppose -n + 6 = 4*b, -n + 3*b - 50 = -5*n. What is the greatest common factor of 2 and n?
2
Let z be (0 + (-10)/(-8))*-4. Let o(l) = 10*l + 4. Let g(m) = m - 1. Let k(x) = g(x) - o(x). Let t be k(z). Calculate the highest common divisor of t and 16.
8
Let k = 66 + -12. What is the highest common divisor of k and 18?
18
Suppose 3*j + 16 = 11*j. What is the greatest common factor of 20 and j?
2
Let n be (-6)/15*(-4 - (-6)/4). Calculate the greatest common factor of 2 and n.
1
Let m(q) = -71*q - 9. Let d be m(-4). Calculate the highest common divisor of 25 and d.
25
Suppose -2*k + 1 - 3 = 0. Let a be (-82)/(-1) - (k + 3). Let n be 4*2 + 0 + 0. Calculate the highest common divisor of n and a.
8
Let r be 2/10 + (-8)/(-10). Suppose 0 = x + r - 10. Let q(o) = -o**3 - 5*o**2 + 5*o. Let h be q(-6). What is the greatest common divisor of x and h?
3
Let y be (-3 - -1)/(-4 + 3). Suppose 4*t - 12 = 2*r, -y*r + 18 = 5*t - 3*r. Let g be (-176)/(-3)*6/t. What is the highest common divisor of 8 and g?
8
Let g = -17 + 31. What is the greatest common divisor of g and 98?
14
Let l = 21 + 3. Calculate the highest common divisor of 36 and l.
12
Let b = -2 + 6. Calculate the highest common divisor of b and 20.
4
Suppose -5*k + 4*j + 212 = 0, k - j - 52 = 3*j. Calculate the greatest common factor of k and 16.
8
Let a(k) = k**3 - 12*k**2 - 12*k - 2. Let u be a(13). Let f = -22 - -121. Calculate the greatest common divisor of u and f.
11
Let j = 313 - 173. Calculate the highest common divisor of 40 and j.
20
Let t(i) = -28*i - 3. Let s be t(-2). Let v = s + -30. What is the highest common divisor of v and 23?
23
Let i be 2 - -1 - -3 - 1. Calculate the greatest common factor of i and 10.
5
Let q = -11 - -206. What is the highest common factor of 15 and q?
15
Suppose -r + 3*q = 4*r, 5*r = q - 10. Let u(a) = -7*a**3 - 3*a. Let x be u(r). Calculate the greatest common divisor of 18 and x.
18
Suppose -2*y + 10 = -3*f - 2, -2*f = 3*y - 31. Let z(v) = -v**3 + 11*v*